eatest common factor of 76329 and 297?
297
Calculate the greatest common divisor of 54292 and 55860.
196
Calculate the greatest common divisor of 47250 and 13986.
378
What is the greatest common divisor of 2516 and 3782177?
629
What is the highest common factor of 21223 and 209?
19
Calculate the greatest common factor of 806089 and 85.
17
Calculate the highest common factor of 49359 and 132.
3
Calculate the greatest common factor of 416 and 4069.
13
What is the highest common factor of 524708 and 2162?
94
Calculate the highest common factor of 2294686 and 5030.
1006
What is the highest common divisor of 896 and 1750?
14
Calculate the highest common divisor of 292188 and 26.
26
Calculate the highest common divisor of 45689 and 793.
61
Calculate the greatest common factor of 204 and 11764.
68
What is the greatest common divisor of 1521384 and 144?
24
What is the greatest common divisor of 231 and 91014?
231
What is the highest common factor of 6536 and 12728?
344
Calculate the highest common factor of 459 and 588897.
459
What is the highest common factor of 26001 and 856?
107
What is the highest common divisor of 13 and 3639896?
13
Calculate the greatest common divisor of 198 and 12175614.
198
What is the highest common factor of 159060 and 11220?
660
Calculate the greatest common divisor of 3035286 and 54.
54
What is the greatest common factor of 227002 and 4?
2
What is the highest common divisor of 26670 and 861?
21
What is the greatest common factor of 10 and 240565?
5
What is the greatest common factor of 1073908 and 44?
44
What is the highest common divisor of 72 and 2755062?
18
Calculate the highest common factor of 15 and 10749.
3
Calculate the greatest common divisor of 232 and 34568.
232
What is the highest common factor of 65 and 2995?
5
What is the highest common factor of 56 and 6454?
14
What is the highest common divisor of 100119 and 1242?
69
Calculate the highest common divisor of 6 and 6601926.
6
What is the greatest common factor of 2504 and 102?
2
What is the highest common factor of 834 and 11398?
278
What is the greatest common divisor of 65 and 1146379?
13
Calculate the highest common factor of 136331 and 39.
13
What is the highest common factor of 65 and 11401?
13
Calculate the greatest common factor of 77 and 999768.
77
What is the highest common factor of 100 and 113550?
50
What is the greatest common factor of 32696 and 1464?
488
What is the greatest common factor of 25862 and 536?
134
What is the highest common factor of 1274467 and 862?
431
Calculate the greatest common factor of 64 and 57920.
64
Calculate the highest common factor of 3300 and 11902.
22
Calculate the greatest common factor of 60 and 1306065.
15
What is the greatest common divisor of 310 and 70432?
62
What is the highest common factor of 43 and 148006?
43
Calculate the highest common factor of 108770 and 2980.
1490
What is the highest common divisor of 22661 and 29?
1
Calculate the greatest common factor of 4522 and 423472.
266
What is the highest common divisor of 14 and 1842?
2
What is the greatest common divisor of 468 and 1464138?
234
Calculate the greatest common divisor of 3939 and 14989.
13
What is the highest common divisor of 32200 and 53200?
1400
What is the highest common divisor of 8364 and 279480?
204
Calculate the greatest common factor of 7033 and 3787.
541
What is the greatest common factor of 50764 and 407?
37
Calculate the highest common divisor of 3542 and 7854.
154
Calculate the highest common divisor of 2622 and 1385290.
874
Calculate the greatest common divisor of 1805 and 10.
5
Calculate the highest common divisor of 8 and 24214.
2
Calculate the highest common factor of 4352 and 1258.
34
What is the highest common divisor of 82025 and 66725?
425
Calculate the highest common factor of 1584 and 812394.
198
Calculate the greatest common factor of 528474 and 6.
6
Calculate the highest common factor of 469472 and 2589.
863
Calculate the highest common divisor of 865 and 14275.
5
Calculate the greatest common factor of 108 and 51003.
27
Calculate the greatest common factor of 1779093 and 45.
9
What is the highest common factor of 6156 and 1040688?
324
Calculate the highest common divisor of 32 and 27992.
8
Calculate the greatest common divisor of 14 and 24367.
7
Calculate the highest common factor of 192 and 3648048.
48
Calculate the greatest common divisor of 1336 and 152638.
334
Calculate the highest common factor of 1522347 and 276.
69
Calculate the greatest common factor of 10 and 21455.
5
What is the greatest common factor of 27027 and 238953?
429
Calculate the greatest common factor of 2146 and 185890.
58
Calculate the greatest common factor of 1496989 and 13.
13
What is the highest common factor of 24508024 and 8?
8
Calculate the highest common factor of 197951 and 13.
13
Calculate the highest common divisor of 5 and 18650.
5
What is the highest common divisor of 5264 and 33276?
188
Calculate the highest common divisor of 117 and 23439.
39
What is the greatest common factor of 118542 and 54?
6
Calculate the greatest common factor of 69 and 669093.
69
What is the greatest common factor of 9477237 and 147?
147
Calculate the highest common factor of 4920 and 22920.
120
What is the highest common divisor of 2703 and 5088?
159
What is the greatest common divisor of 360855 and 30294?
891
Calculate the greatest common factor of 9305 and 155.
5
What is the greatest common factor of 75 and 175675?
25
What is the highest common divisor of 16351 and 22064?
197
What is the greatest common divisor of 531 and 283908?
177
Calculate the highest common divisor of 1615 and 11875.
95
Calculate the highest common divisor of 23913 and 18.
9
What is the greatest common divisor of 5550 and 47100?
150
Calculate the highest common factor of 28 and 205849.
7
What is the highest common divisor of 96 and 3473696?
32
Calculate the greatest common factor of 9465 and 1215.
15
Calculate the highest common factor of 6205368 and 312.
312
Calculate the greatest common divisor of 306 and 17476.
34
What is the greatest common divisor of 442080 and 14400?
1440
Calculate the highest common divisor of 3108 and 1246.
14
Calculate the highest common divisor of 447196 and 4.
4
What is the greatest common factor of 780 and 44655?
195
Calculate the highest common divisor of 483 and 11621463.
483
What is the greatest common factor of 728 and 38480?
104
What is the highest common factor of 40 and 18366380?
20
What is the highest common factor of 1073 and 233507?
37
What is the highest common factor of 3540 and 24?
12
Calculate the highest common factor of 164 and 2536.
4
Calculate the highest common factor of 24 and 25056.
24
Calculate the greatest common factor of 66 and 82610.
22
What is the greatest common divisor of 6280 and 9560?
40
Calculate the greatest common factor of 1544 and 3524.
4
Calculate the greatest common divisor of 220 and 13156.
44
Calculate the greatest common divisor of 24336 and 2400.
48
Calculate the greatest common divisor of 9933 and 360129.
231
Calculate the highest common divisor of 23673 and 156.
39
What is the highest common factor of 314 and 213206?
314
Calculate the highest common divisor of 561 and 464904.
33
Calculate the highest common divisor of 295 and 46138.
59
Calculate the highest common factor of 3591 and 27.
27
Calculate the highest common factor of 150 and 42.
6
Calculate the highest common divisor of 273 and 174603.
39
Calculate the highest common divisor of 1202140 and 20.
20
What is the highest common divisor of 5064 and 973132?
844
What is the greatest common divisor of 225 and 170075?
25
Calculate the greatest common factor of 1001 and 72358.
143
What is the greatest common divisor of 1786 and 8512?
38
What is the highest common divisor of 127233 and 27219?
633
What is the highest common factor of 3423 and 20097?
21
What is the greatest common factor of 59 and 1023119?
59
Calculate the greatest common factor of 45 and 313770.
15
Calculate the greatest common factor of 48 and 642144.
48
What is the greatest common divisor of 80457 and 234?
39
What is the highest common divisor of 468252 and 132?
12
What is the greatest common factor of 24 and 3032?
8
Calculate the greatest common factor of 75 and 248195.
5
What is the greate